ens digit of 2366?
6
What is the hundred thousands digit of 134179?
1
What is the tens digit of 921?
2
What is the units digit of 2746?
6
What is the hundreds digit of 11680?
6
What is the thousands digit of 49606?
9
What is the hundreds digit of 1135?
1
What is the units digit of 61805?
5
What is the thousands digit of 49949?
9
What is the units digit of 1476?
6
What is the thousands digit of 170546?
0
What is the thousands digit of 6448?
6
What is the thousands digit of 9543?
9
What is the hundreds digit of 71352?
3
What is the ten thousands digit of 47794?
4
What is the hundreds digit of 8643?
6
What is the hundreds digit of 777?
7
What is the units digit of 9424?
4
What is the thousands digit of 25745?
5
What is the units digit of 13144?
4
What is the hundreds digit of 54068?
0
What is the thousands digit of 1270?
1
What is the tens digit of 911?
1
What is the tens digit of 2760?
6
What is the thousands digit of 41499?
1
What is the ten thousands digit of 17712?
1
What is the ten thousands digit of 47052?
4
What is the units digit of 62?
2
What is the units digit of 1601?
1
What is the units digit of 903?
3
What is the units digit of 4210?
0
What is the thousands digit of 6935?
6
What is the units digit of 4330?
0
What is the tens digit of 1961?
6
What is the ten thousands digit of 18195?
1
What is the ten thousands digit of 30835?
3
What is the hundreds digit of 20596?
5
What is the hundreds digit of 17876?
8
What is the hundreds digit of 1115?
1
What is the hundreds digit of 2675?
6
What is the ten thousands digit of 10369?
1
What is the thousands digit of 4043?
4
What is the hundreds digit of 952?
9
What is the hundreds digit of 889?
8
What is the thousands digit of 3199?
3
What is the hundreds digit of 2174?
1
What is the thousands digit of 10966?
0
What is the units digit of 8714?
4
What is the tens digit of 40367?
6
What is the tens digit of 1200?
0
What is the ten thousands digit of 62658?
6
What is the tens digit of 8221?
2
What is the units digit of 5407?
7
What is the tens digit of 1436?
3
What is the units digit of 66?
6
What is the units digit of 399?
9
What is the tens digit of 20505?
0
What is the units digit of 2067?
7
What is the thousands digit of 79483?
9
What is the ten thousands digit of 22088?
2
What is the units digit of 18175?
5
What is the tens digit of 651?
5
What is the thousands digit of 5853?
5
What is the tens digit of 5770?
7
What is the hundreds digit of 756?
7
What is the units digit of 5399?
9
What is the units digit of 737?
7
What is the tens digit of 748?
4
What is the units digit of 67660?
0
What is the units digit of 285?
5
What is the thousands digit of 1824?
1
What is the hundreds digit of 1452?
4
What is the units digit of 974?
4
What is the units digit of 52537?
7
What is the hundreds digit of 118?
1
What is the ten thousands digit of 26525?
2
What is the units digit of 1882?
2
What is the units digit of 7700?
0
What is the tens digit of 2119?
1
What is the tens digit of 1132?
3
What is the ten thousands digit of 94035?
9
What is the hundreds digit of 1122?
1
What is the ten thousands digit of 33026?
3
What is the ten thousands digit of 27259?
2
What is the tens digit of 1166?
6
What is the tens digit of 8692?
9
What is the tens digit of 57908?
0
What is the tens digit of 37?
3
What is the units digit of 855?
5
What is the hundreds digit of 6758?
7
What is the ten thousands digit of 19948?
1
What is the hundred thousands digit of 109284?
1
What is the hundreds digit of 71932?
9
What is the tens digit of 2376?
7
What is the ten thousands digit of 10336?
1
What is the tens digit of 6036?
3
What is the hundreds digit of 2806?
8
What is the units digit of 9901?
1
What is the tens digit of 3264?
6
What is the tens digit of 1600?
0
What is the hundreds digit of 7922?
9
What is the thousands digit of 23602?
3
What is the units digit of 82222?
2
What is the hundreds digit of 55224?
2
What is the thousands digit of 1790?
1
What is the tens digit of 53513?
1
What is the units digit of 357?
7
What is the ten thousands digit of 11302?
1
What is the tens digit of 17203?
0
What is the ten thousands digit of 13125?
1
What is the thousands digit of 5754?
5
What is the hundreds digit of 7780?
7
What is the units digit of 1467?
7
What is the hundreds digit of 342?
3
What is the thousands digit of 136464?
6
What is the thousands digit of 26919?
6
What is the tens digit of 1251?
5
What is the tens digit of 13493?
9
What is the tens digit of 186?
8
What is the ten thousands digit of 19907?
1
What is the units digit of 54531?
1
What is the units digit of 670?
0
What is the thousands digit of 4875?
4
What is the hundreds digit of 8710?
7
What is the hundreds digit of 4547?
5
What is the ten thousands digit of 31380?
3
What is the units digit of 23822?
2
What is the tens digit of 582?
8
What is the thousands digit of 1032?
1
What is the thousands digit of 34359?
4
What is the tens digit of 871?
7
What is the ten thousands digit of 20947?
2
What is the hundreds digit of 929?
9
What is the units digit of 2663?
3
What is the tens digit of 2631?
3
What is the thousands digit of 5369?
5
What is the units digit of 5300?
0
What is the thousands digit of 59774?
9
What is the thousands digit of 3705?
3
What is the ten thousands digit of 11731?
1
What is the units digit of 983?
3
What is the units digit of 600?
0
What is the units digit of 22273?
3
What is the hundreds digit of 34113?
1
What is the ten thousands digit of 10168?
1
What is the tens digit of 711?
1
What is the hundreds digit of 1718?
7
What is the units digit of 115?
5
What is the hundreds digit of 5932?
9
What is the ten thousands digit of 146399?
4
What is the units digit of 3976?
6
What is the hundreds digit of 657?
6
What is the hundreds digit of 774?
7
What is the thousands digit of 40703?
0
What is the units digit of 9426?
6
What is the thousands digit of 17126?
7
What is the tens digit of 1433?
3
What is the hundreds digit of 4946?
9
What is the tens digit of 3857?
5
What is the ten thousands digit of 84160?
8
What is the hundreds digit of 45102?
1
What is the hundreds digit of 2708?
7
What is the hundreds digit of 5289?
2
What is the tens digit of 32?
3
What is the tens digit of 3189?
8
What is the hundreds digit of 261?
2
What is the hundreds digit of 1220?
2
What is the tens digit of 1026?
2
What is the units digit of 57073?
3
What is the hundreds digit of 89076?
0
What is the tens digit of 548?
4
What is the tens digit of 603?
0
What is the tens digit of 819?
1
What is the tens digit of 5692?
9
What is the thousands digit of 1644?
1
What is the thousands digit of 7751?
7
What is the tens digit of 3111?
1
What is the tens digit of 2692?
9
What is the hundreds digit of 6276?
2
What is the tens digit of 7790?
9
What is the units digit of 982?
2
What is the thousands digit of 1027?
1
What is the hundreds digit of 4688?
6
What is the units digit of 39965?
5
What is the hundreds digit of 28752?
7
What is the hundreds digit of 335?
3
What is the thousands digit of 135612?
5
What is the hundreds digit of 1172?
1
What is the thousands digit of 2851?
2
What is the thousands digit of 2715?
2
What is the ten thousands digit of 97459?
9
What is the tens digit of 504?
0
What is the thousands digit of 3318?
3
What is the units digit of 646?
6
What is the units digit of 5126?
6
What is the thousands digit of 1850?
1
What is the units digit of 530?
0
What is the hundreds digit of 36847?
8
What is the hundreds digit of 489?
4
What is the units digit of 29184?
4
What is the tens digit of 234?
3
What is the hundreds digit of 928?
9
What is the tens digit of 9261?
6
What is the units digit of 2427?
7
What is the units digit of 1806?
6
What is the tens digit of 2413?
1
What is the hundreds digit of 5554?
5
What is the ten thousands digit of 14502?
1
What is the thousands digit of 27669?
7
What is the hundreds digit of 322?
3
What is the hundreds digit of 48738?
7
What is the tens digit of 733?
3
What is the thousands digit of 2080?
2
What is the units digit of 24423?
3
What is the units digit of 6047?
7
What is the ten thousands digit of 18366?
1
What is the units digit of 6774?
4
What is the tens digit of 10179?
7
What is the thousands digit of 19966?
9
What is the tens dig